
-37
Let v(f) = -f**3 + 14*f**2 + 4158*f - 54225. Determine v(13).
-2
Let r(j) = -1305*j**3 + 10443*j**2 - 24*j - 4. What is r(8)?
-4
Let y(h) = 22*h**2 + 8690*h + 10. Calculate y(-395).
10
Let p(w) = w**3 + 82*w**2 - 264*w - 1047. Calculate p(-85).
-282
Let g(x) = 7*x**2 + 208*x - 50. Determine g(-28).
-386
Let h(g) = -g**3 + 50*g**2 - 16*g - 187. Give h(51).
-3604
Let r(o) = -o**2 + 53*o + 2559. Calculate r(-30).
69
Let v(i) = 223*i - 121293. Determine v(548).
911
Let a(f) = -1884*f - 212484. Give a(-112).
-1476
Let q(m) = 19*m**3 + 777*m**2 - 69*m + 428. What is q(-41)?
-105
Let i(h) = -33*h**3 - 857*h**2 - 128*h - 3996. Give i(-26).
8
Let o(j) = -2494*j + 22461. What is o(9)?
15
Let d(y) = 8*y**3 + 101*y**2 - 3633*y - 46702. Give d(-13).
20
Let v(l) = l**3 + 116*l**2 - 2563*l - 334. Determine v(-135).
-604
Let f(o) = o**2 + 3871*o + 1323469. Give f(-379).
1
Let z(w) = 3*w**2 + 32*w - 706. Give z(28).
2542
Let m(u) = 8*u**2 + 1245*u - 41690. Determine m(-184).
78
Let b(h) = 7*h**2 + 159*h + 1092. Determine b(-7).
322
Let m(t) = -1677*t + 23367. Give m(14).
-111
Let o(q) = 26*q**2 - 208*q - 15863. What is o(29)?
-29
Let q(i) = 24*i**3 + 530*i**2 + 93*i + 407. Determine q(-22).
-671
Let u(p) = 18*p**3 - 1580*p**2 - 361*p + 907. What is u(88)?
115
Let m(y) = -15*y**3 - 167*y**2 - 1308*y - 14112. What is m(-11)?
34
Let r(k) = 45*k**3 + 218*k**2 - 92*k - 273. Determine r(-5).
12
Let q(c) = -3863*c - 37010. Give q(-8).
-6106
Let p(a) = 91*a - 299. Calculate p(22).
1703
Let a(d) = -6*d**2 + 924*d - 35503. Give a(79).
47
Let l(y) = -6*y**3 - 15*y**2 - 36*y - 194. Calculate l(0).
-194
Let y(j) = 676*j**3 - 13*j**2 - 25*j - 1. Give y(-1).
-665
Let u(l) = 27431*l + 1837876. Give u(-67).
-1
Let h(b) = -13622*b - 408646. What is h(-30)?
14
Let b(a) = 1118*a + 264813. Determine b(-237).
-153
Let x(n) = -131*n - 109001. What is x(-832)?
-9
Let v(u) = -36*u**3 - 86*u**2 - 251*u + 17. Calculate v(-3).
968
Let k(h) = 6041*h + 167616. Determine k(-28).
-1532
Let u(v) = -574*v + 211793. Give u(369).
-13
Let l(q) = 36*q**3 - 11*q**2 + 141*q - 236. What is l(2)?
290
Let l(d) = -26*d**3 + 138*d**2 - 14*d + 10. Determine l(8).
-4582
Let g(m) = 4*m**2 + 125*m - 2237. Calculate g(-44).
7
Let i(q) = -6*q**3 - 215*q**2 - 896*q + 147. Give i(-31).
54
Let t(i) = 737*i**2 - 29515*i + 30112. Calculate t(39).
4
Let c(y) = -48706*y - 2678820. Give c(-55).
10
Let v(t) = 4894*t - 9218. Calculate v(2).
570
Let j(p) = -132*p + 22202. Calculate j(167).
158
Let v(q) = 408*q - 13437. Give v(33).
27
Let c(i) = -8*i**2 - 5206*i - 794943. What is c(-406)?
5
Let s(d) = 3*d**2 + 141*d - 2667. Determine s(-60).
-327
Let r(s) = -10*s**2 + 458*s + 15130. Determine r(68).
34
Let p(f) = -176*f + 7961. Calculate p(45).
41
Let v(i) = -11*i**2 + 46*i - 336. What is v(5)?
-381
Let r(x) = x**3 - 35*x**2 - 156*x - 168. What is r(39)?
-168
Let f(h) = -h**2 - 206*h - 2075. Give f(-10).
-115
Let l(k) = 9*k**2 - 489*k - 915. Calculate l(55).
-585
Let t(u) = 1270*u + 12685. Calculate t(-10).
-15
Let j(b) = -10520*b + 2209198. Determine j(210).
-2
Let n(v) = 3232*v + 6513. What is n(-2)?
49
Let g(i) = -6*i**3 - 220*i**2 - 1388*i - 85. Calculate g(-8).
11
Let q(n) = -2*n**3 - 33*n**2 - 6*n - 320. Calculate q(-16).
-480
Let h(w) = 3*w**3 - 13*w**2 - 110*w + 175. Give h(8).
-1
Let z(x) = x**3 + 22*x**2 - 1144*x - 106. Calculate z(25).
669
Let v(t) = 3*t**3 + 114*t**2 + 231*t + 673. What is v(-36)?
133
Let f(d) = 24*d**2 + 4962*d - 19856. Calculate f(4).
376
Let v(b) = 52*b + 1656. Calculate v(-21).
564
Let y(f) = 1585*f**3 - f**2 + f + 3. What is y(-1)?
-1584
Let i(t) = 2599*t - 24387. Determine i(9).
-996
Let c(r) = -705*r**3 + 73*r**2 - 72*r - 1. Calculate c(1).
-705
Let q(p) = -7*p**2 - 210*p - 1408. Give q(-20).
-8
Let c(u) = -14*u**2 - 672*u - 7828. Determine c(-29).
-114
Let v(z) = -91037*z - 2275941. What is v(-25)?
-16
Let b(y) = 9004*y + 39505. Calculate b(-4).
3489
Let q(f) = -2243*f**2 - 91938*f + 999. Give q(-41).
-26
Let w(a) = -a**2 - 667*a - 13633. Calculate w(-21).
-67
Let u(q) = -117*q + 389. Determine u(9).
-664
Let t(y) = 19*y**2 - 542*y + 4241. Determine t(15).
386
Let q(a) = -1896*a - 30291. Calculate q(-16).
45
Let m(p) = -p**3 + 175*p**2 - 1428*p + 15249. Give m(167).
-115
Let f(b) = -b**2 + 1044*b + 106967. Give f(-94).
-5
Let c(g) = 135353*g + 1218202. Calculate c(-9).
25
Let q(l) = -3*l**3 + 182*l**2 - 235*l + 18153. Give q(61).
97
Let d(a) = -609*a - 1194. Give d(0).
-1194
Let u(x) = 3*x**2 + 205*x + 2262. Give u(-50).
-488
Let m(o) = -o**3 - 71*o**2 - 320*o - 3637. Determine m(-67).
-153
Let a(g) = -149*g**3 + 2*g**2 + 50*g - 111. Calculate a(2).
-1195
Let p(t) = -10*t**3 + 428*t**2 + 95*t - 394. Calculate p(43).
-7
Let v(r) = -4*r**2 + 1699*r - 32005. Determine v(405).
-10
Let x(k) = -14701*k - 11011054. Give x(-749).
-5
Let l(d) = 2*d**3 - 139*d**2 - 296*d + 5070. What is l(71)?
-823
Let v(s) = s**2 - 6*s - 24692. Calculate v(160).
-52
Let n(o) = 918*o**2 + 6399*o + 4. What is n(-7)?
193
Let t(z) = 567214*z + 43. What is t(0)?
43
Let w(x) = 2*x**3 - 7*x**2 - 6*x + 102. Determine w(3).
75
Let u(c) = -3*c**3 + 28*c**2 - 6978*c - 7002. Give u(-1).
7
Let h(b) = -27220*b + 2558690. Determine h(94).
10
Let p(y) = 3138*y - 122366. Determine p(39).
16
Let g(l) = l**3 + 13*l**2 - 215*l - 149. Determine g(10).
1
Let s(m) = m**3 + 262*m**2 - 1620*m - 3301. What is s(-268)?
-85
Let x(u) = 2201*u + 30846. Give x(-14).
32
Let o(k) = -881*k - 80160. Calculate o(-91).
11
Let g(s) = -8457*s + 1429230. What is g(169)?
-3
Let f(d) = -1701*d + 57940. What is f(34)?
106
Let r(c) = -856*c + 4809. Determine r(6).
-327
Let u(k) = k**3 + 72*k**2 + 514*k + 69. Calculate u(-64).
-59
Let o(j) = 139*j**2 - 6261*j - 39. Determine o(45).
-309
Let h(c) = -3*c**3 + 25*c**2 + 6*c + 91. Give h(9).
-17
Let g(p) = 5*p**2 - 248*p - 894950. Determine g(-399).
7
Let i(m) = -17348*m - 34632. Give i(-2).
64
Let d(l) = -3018*l + 135670. Calculate d(45).
-140
Let q(n) = -2*n**3 - 71*n**2 - 791*n - 4326. Calculate q(-22).
8
Let b(p) = -1330*p - 2129. Calculate b(-1).
-799
Let s(y) = -3*y**2 + 1608*y + 45371. Give s(-27).
-232
Let c(q) = -9199*q + 45924. Determine c(5).
-71
Let t(z) = -4*z**2 + 4429*z - 662365. Calculate t(929).
12
Let h(j) = -16*j**3 + 495*j**2 + 93*j - 1950. What is h(31)?
-28
Let r(f) = 2091*f - 39312. Calculate r(19).
417
Let h(y) = y**3 + 139*y**2 + 652*y + 153092. Give h(-142).
16
Let m(c) = 9*c**2 + 84*c + 638. Determine m(-8).
542
Let f(l) = -537*l - 32800. Determine f(-60).
-580
Let i(g) = -g**3 - 195*g**2 - 4106*g + 266. Give i(-171).
608
Let j(q) = q**3 + 35*q**2 + 42*q. Calculate j(-5).
540
Let j(q) = -2*q**3 - 1279*q**2 + 1779*q - 92319. Calculate j(-641).
-15
Let a(z) = z**3 - 4*z**2 - 14913*z + 4091. Give a(124).
-1
Let g(b) = -57*b**2 + 636*b - 1323. Calculate g(7).
336
Let s(z) = -1929*z - 146777. Give s(-76).
-173
Let q(s) = s**2 + 9966*s + 159208. Determine q(-16).
8
Let q(i) = 287*i - 7088. What is q(24)?
-200
Let u(k) = 845*k - 57528. Give u(68).
-68
Let s(b) = 330*b**3 - 25*b**2 + 26*b - 2. Calculate s(1).
329
Let m(b) = -5054*b - 363884. Give m(-72).
4
Let r(s) = 2*s**3 + 75*s**2 + 1701*s + 53416. Determine r(-35).
6
Let r(a) = 51*a**2 - 104*a + 446. What is r(4)?
846
Let g(o) = o**3 - 318*o**2 + 2646*o - 51458. Calculate g(310).
2
Let v(y) = -40*y**2 + 7724*y - 762. What is v(193)?
10
Let c(l) = -136*l - 186. Give c(-1).
-50
Let l(r) = -r**3 + 160*r**2 + 1883*r + 73. Determine l(171).
415
Let l(o) = 2*o**3 + 119*o**2 + 1744*o - 293. Determine l(-27).
4
Let v(x) = 4091*x - 147322. Calculate v(36).
-46
Let b(f) = -42*f**2 + 9515*f + 4302. Give b(227).
-11
Let r(f) = -2*f**3 - 206*f**2 - 410*f - 42233. Determine r(-103).
-3
Let v(z) = 100806*z - 1310309. Determine v(13).
169
Let j(g) = -3*g**2 + 4408*g + 26612. Determine j(-6).
56
Let l(t) = -11329*t + 34654. Determine l(3).
667
Let r(a) = 16*a**3 + 692*a**2 + 11*a - 15. Calculate r(0).
-15
Let w(n) = n**3 + 6063*n**2 + 18069*n - 343. Calculate w(-3).
-10
Let r(z) = -3593*z + 582091. What is r(162)?
25
Let p(s) = 15739*s - 125841. Determine p(8).
71
Let j(f) = -f**3 - 3*f**2 - 209893*f - 629680. Determine j(-3).
-1
Let c(s) = 19*s**3 - 116*s**2 + 214*s - 1170. Determine c(6).
42
Let k(b) = 6*b**2 - 24*b - 154. Determine k(-11).
